e 0*b = 2*b - 306. Suppose -4*n + s*n - b = 0. List the prime factors of n.
3, 17
List the prime factors of -9*(-160)/144 + 27208.
2, 31, 439
Let r = -3354 + 8741. What are the prime factors of r?
5387
Suppose 44*i - 25*i - 95 = 0. Suppose i*m = 3*p - 2472, -p - m - 2472 = -4*p. List the prime factors of p.
2, 103
Let j(d) = -442*d - 824. What are the prime factors of j(-11)?
2, 3, 673
List the prime factors of ((-1)/((-12)/98320))/(560/(-48) - -12).
2, 5, 1229
Suppose 4*k - 312 = -5*m + 582, -5*m = -10. Let u = k + -116. What are the prime factors of u?
3, 5, 7
Suppose -10*s + 58*s = 59410 + 76430. What are the prime factors of s?
2, 5, 283
Let w(d) = 2501*d**2 + 151*d + 582. What are the prime factors of w(-4)?
2, 19997
Let u(h) = 428*h - 15. Suppose -36 = -4*a - 4*m, -3*a - 2*a + 27 = -4*m. Let n(j) = -285*j + 10. Let g(s) = a*n(s) + 5*u(s). What are the prime factors of g(2)?
3, 5, 19
Suppose -13*i - 7*i = -36*i + 162640. What are the prime factors of i?
5, 19, 107
Suppose -3*t + 5*o + 6164 = 0, 4124 = 2*t + 82*o - 78*o. What are the prime factors of t?
2, 3, 7
Suppose -z + w = -3955, 0 = -4*z + 6*w - 8*w + 15832. Suppose 0 = 4*x + 5*k - 3176, 5*x + 3*k - z = -0*k. List the prime factors of x.
3, 263
Suppose 7*z = 4*a + 77600, 27825 = 3*z + a - 5424. List the prime factors of z.
2, 17, 163
Suppose -8*l + 22*l - 230861 = 175615. List the prime factors of l.
2, 3, 1613
Let q(f) = f**3 + 1. Suppose -7 = h - 6. Let b be q(h). List the prime factors of (2 - (-2 + b)) + -7 + 117.
2, 3, 19
Let l(s) = 6*s**2 - 73*s + 128. What are the prime factors of l(-26)?
2, 3041
Let r(z) = z**2 - 2*z - 36. Let p(u) = -u + 18. Let c be p(7). What are the prime factors of r(c)?
3, 7
Let m(s) = 47*s + 191. Let b be m(-15). Let l = b - -1404. What are the prime factors of l?
2, 5, 89
Let u be (-7 + (-7 - 526))*(-3)/(-4). Let w = 850 + u. What are the prime factors of w?
5, 89
Suppose -360 = -0*d - 10*d. Suppose 2*z = 8*z - d. List the prime factors of 662/z + -3*5/45.
2, 5, 11
Suppose -w - 4*w = -5. Suppose 0 = 3*g - 4*s - 56, -2*g + 3*g + 2*s = 22. Suppose 3*i - 5*m = 105, i + 3*m - w - g = 0. List the prime factors of i.
2, 3, 5
Let k(v) = v**3 - 16*v**2 - 26*v - 10. Let o(p) = p**3 - 17*p**2 - 25*p - 11. Let z(r) = -7*k(r) + 6*o(r). List the prime factors of z(11).
5, 47
Suppose 19537 = 10*o - 72753. List the prime factors of o.
11, 839
Suppose 17 = 4*g + t + 2*t, 5*t - 21 = -3*g. Suppose -16*k + 386 = -798. Suppose 14 = -g*f + k. List the prime factors of f.
2, 3, 5
Suppose 5*k + 17 = 2*z - 0, 5*z + 4*k + 40 = 0. List the prime factors of (-1296)/(-26) + z/(-26).
2, 5
Let f = 2690 + 3174. List the prime factors of f.
2, 733
Suppose 4636*m - 4630*m - 23760 = 0. What are the prime factors of m?
2, 3, 5, 11
Let d be (63 - 3)*1/((-15)/6). List the prime factors of 2 - (-1096 - d/3).
2, 5, 109
Suppose k = 3*h - 9, 0 = -2*h - 3*h + 5*k + 25. Suppose 6*l - 1540 = h*l. Suppose i - 62 = 3*f - 293, 5*f - 3*i = l. What are the prime factors of f?
7, 11
Let z be 0 - (-4)/(-12)*-3. Suppose 2*h = -6, 9 = y - 3*h + h. Suppose -31 - 80 = -y*t + 3*o, -o - z = 0. What are the prime factors of t?
2, 3
Let a be (-16)/20 + 5544/(-20). Let c = -3 - a. What are the prime factors of c?
5, 11
Let v = -12909 + 28070. What are the prime factors of v?
15161
Let d = -24 + 24. Let m be (-2)/2*d/(-2). Suppose -5*t - 3*t + 400 = m. List the prime factors of t.
2, 5
Suppose 8*w - 60 = -28. Suppose c - 13 = w*r, -38 = -2*c + r + 4*r. List the prime factors of c.
29
Let j(k) = 11*k**2 - 3*k + 34. Let o be ((-10)/8)/((-2)/(-7 - 1)). What are the prime factors of j(o)?
2, 3
Suppose -120*o - 305040 = -140*o. What are the prime factors of o?
2, 3, 31, 41
Let u(d) = 72*d + 2. Suppose -4 = -4*r, 0 = -a + r - 0*r. Let k be u(a). Suppose -193 = -3*c + k. What are the prime factors of c?
89
What are the prime factors of (9 - (-1 + 9))*(-10)/4*-3442?
5, 1721
Let g be (26/4 + -6)*-2. List the prime factors of 14928/32 + (-6)/(-4) + g.
467
List the prime factors of (-8)/((19 - 11)/(-4288)).
2, 67
Let m(z) = 64*z**3 - z**2 + z. Let q be (-63)/2 - (-19)/(-38). Let u = q - -33. List the prime factors of m(u).
2
Let j(i) = -17*i - 13*i + 2*i + 10 - 6*i. Let x be j(-2). Suppose -138 = -4*m - 2*n, 0*n = -2*m - 4*n + x. List the prime factors of m.
3, 11
Let y be 2 + (5 - 4 - (2 - 5)). Suppose b + 4*o - 23 = 0, b - o = -y + 4. Suppose 155 = 3*u - b*w - 190, 5*w = 25. List the prime factors of u.
2, 3, 5
Let v = -202 + 329. Suppose -v + 1739 = 26*m. What are the prime factors of m?
2, 31
Let l = -160 + 131. Let s be (-250)/(-4)*(l/5 + 7). Let q = s + -56. List the prime factors of q.
19
Let l(v) = -25*v**3 - 3*v**2 + 7*v - 7. Let f be l(5). Suppose 0 = 9*w - 17 - 46. List the prime factors of (-2)/w + f/(-28).
113
Let m be 4/(-6) - (-1 - (-248)/24). List the prime factors of (-12)/(-10)*(m + 3410)/8.
2, 3, 5, 17
Suppose 5*o = 4*a + 38, 0 = -4*o - 7*a + 5*a + 20. Let w(u) = -u**2 + 13 + u**3 - 2*u - 3 + u - u**2. What are the prime factors of w(o)?
2, 37
Let g(z) be the third derivative of -131*z**6/120 + z**4/24 + z**3/3 + 25*z**2. Suppose l = -4*h, 0 = 3*l - 0 - 12. What are the prime factors of g(h)?
2, 3, 11
Let o = -118626 - -191633. What are the prime factors of o?
11, 6637
Let i be (-54 - -56) + 2*1. Suppose 2*q = -i*m + 2080, 4*m - 1846 - 234 = -4*q. List the prime factors of m.
2, 5, 13
Suppose 33*s = 181088 + 83704. List the prime factors of s.
2, 17, 59
Let v = -79 - -82. Suppose -f + 271 = 5*i - 70, 3*i + 1041 = v*f. What are the prime factors of f?
2, 173
Suppose 10*u - 21260 - 25860 = 0. What are the prime factors of u?
2, 19, 31
Let i = 78174 - 27994. List the prime factors of i.
2, 5, 13, 193
Let k be ((-60)/(-6) + 0)*2/(-5). Let b be (-21)/k - (-5 + (-63)/(-12)). Suppose -b*x = -5*o - 395, 4*x - 2*o = -5*o + 295. What are the prime factors of x?
2, 19
Let g(j) = j**3 + 6*j**2 - 22. Let y be g(-5). Suppose -l = -2*u - 6*l + 773, 0 = y*u + l - 1140. List the prime factors of u.
379
Let l(p) be the first derivative of -8*p - 13 - 55/2*p**2. List the prime factors of l(-3).
157
Suppose -b = 4*x - 5261, 5*b - 2*x - 6607 = 19720. What are the prime factors of b?
3, 5, 13
Let k = 75 - 60. Suppose 10*s + 385 = k*s. Suppose q + j + j = s, 3*j = 4*q - 308. What are the prime factors of q?
7, 11
Let w = -28 + 26. Let p(v) = 41*v**2 - 2*v + 1. List the prime factors of p(w).
13
Let d(z) = 101*z - 5. Let u be d(2). Suppose -5*r = -u + 677. Let q = r + 205. What are the prime factors of q?
109
Let f be (38/(-57))/(2/2235). Let g = f + 1119. List the prime factors of g.
2, 11, 17
Suppose -5*p + 5*i + 1029676 = 6*p, 5*p - i - 468046 = 0. What are the prime factors of p?
7, 43, 311
Let q(t) = -6*t**3 - 27*t**2 - 15*t - 5. Let u(g) = -7*g**3 - 29*g**2 - 15*g - 5. Let j(v) = 6*q(v) - 5*u(v). What are the prime factors of j(-17)?
2, 5
Let b be (-1)/(1/(-3)) + -26 + 20. List the prime factors of 28*(b/(-10))/((-30)/(-425)).
7, 17
Suppose 4*u = 4, 3*y - 3509 - 6518 = 5*u. List the prime factors of y.
2, 11, 19
Suppose -3*f - 2249 = -3*g + 754, -1967 = -2*g - 5*f. Suppose -g = -2*s - 40. What are the prime factors of s?
2, 239
Let m(g) = 414*g**2 + 116*g - 827. List the prime factors of m(9).
33751
Let b(d) = 10*d**2 + 3*d - 96. Let o be b(27). Suppose o = 11*u + 14*u. List the prime factors of u.
3, 97
Let x be 1/2*(-1974)/((-28)/4). Let g = x + -125. What are the prime factors of g?
2
Suppose -595*c = -625*c + 221910. List the prime factors of c.
13, 569
Suppose 3*q + 142*n - 139*n - 70530 = 0, -4*q = -2*n - 94058. List the prime factors of q.
7, 3359
Let a = -247 + 170. Let k = a + 131. List the prime factors of k.
2, 3
List the prime factors of 30802 - (28/(-8))/((-1)/(-2)).
30809
Suppose 15*r - 49482 = 52*r - 388069. What are the prime factors of r?
9151
Let z(o) be the first derivative of o**4/4 - 13*o**3/3 + 7*o**2 - 14*o - 18. Let b be z(12). Suppose -b*s + 2*s + 1120 = 0. List the prime factors of s.
2, 5, 7
Let r(z) = -z**3 + 53*z**2 + 69*z - 449. What are the prime factors of r(54)?
19
Let l(v) = 14*v**3 + 76*v**2 - 63*v + 119. Let w(h) = -5*h**3 - 25*h**2 + 21*h - 40. Let c(t) = 6*l(t) + 17*w(t). List the prime factors of c(29).
3, 41
Let j = -144 + 392. Let k = j - 228. What are the prime factors of k?